**3 - 5*s**2 - 6*s. Let l be q(6). Suppose 2*m - 50 = -l*m. What is the greatest common factor of m and f?
5
Let d(w) be the first derivative of w**2/2 - 4*w + 1. Let i be d(7). Suppose -2 - 1 = -i*a. What is the greatest common divisor of 9 and a?
1
Let g = 6 + -5. Let l(z) = z**3 + 6*z**2 - 9*z + 7. Let o be l(-7). Let x = -16 + o. Calculate the greatest common divisor of g and x.
1
Let a(g) = -g**3 + 15*g**2 - 2*g + 52. Let s be a(15). What is the highest common divisor of 682 and s?
22
Let y be 6/4 - -2*183/12. What is the highest common divisor of y and 1?
1
Suppose -3*u - 5*t + 114 = 0, 0*t + 30 = u - t. What is the highest common factor of 22 and u?
11
Let k be (80/(-40))/(-1 - (2 + -1)). Suppose 4 = t + t - 3*l, 3*l + 6 = 0. Let u be k*(-13 - 0)*t. Calculate the greatest common divisor of u and 26.
13
Suppose -3*w = -8*y + 4*y - 153, -5*y = -5*w + 255. Suppose n - 6*d + 10*d = 9, 4*d = -8. What is the greatest common divisor of w and n?
17
Suppose -2 - 7 = 9*w. Suppose 0 = -4*h - h + 215. Let l = h + w. What is the highest common factor of 63 and l?
21
Let q be (-6)/12*(-1 - 1). Suppose -38 = 3*o - 53. Calculate the highest common factor of q and o.
1
Suppose 5*u - 5*m = 715 + 35, 3*u - 5*m - 454 = 0. What is the greatest common divisor of 1702 and u?
74
Let u = 4 + 59. Suppose 133*p - 131*p = 42. What is the highest common divisor of u and p?
21
Let x = 2078 + -894. Calculate the greatest common factor of x and 74.
74
Suppose b - 2*l - 184 = 0, -24*l + 27*l - 333 = -2*b. What is the greatest common factor of 609 and b?
87
Let u = 2539 + -2175. What is the highest common divisor of u and 819?
91
Let q be (-7 + 2/1)*(-2)/(-5). Let u be q*(-6)/(-4) + 115. Let v(a) = 7*a. Let r be v(2). What is the highest common divisor of r and u?
14
Let n(a) = -3*a**3 - 96*a**2 - 2*a + 46. Let s be n(-32). Suppose 0*p - p = -44. What is the highest common factor of s and p?
22
Suppose 0 = -72*n + 87*n - 2760. Calculate the greatest common divisor of n and 46.
46
Let y = -148 - -80. Let g = 146 + y. Let h be (56/(-21))/((-4)/g). What is the highest common factor of h and 26?
26
Let x be (-174)/957 - (-1586)/11. Let r = 183 - 408. Let j be 4/(-5)*r/10. What is the greatest common factor of j and x?
18
Let g(q) be the first derivative of -9*q**2/2 - 57*q + 36. Let n be g(-9). Calculate the highest common factor of n and 72.
24
Suppose -h = -3*h. Suppose h*a = -5*a - 90. Let i = a + 108. What is the greatest common factor of 10 and i?
10
Let r be 1 - 2 - (-16 + 2 + -4). Let t(d) = d**2 - 15*d + 30. Let b be t(r). What is the greatest common factor of 8 and b?
8
Suppose -14*q + 18*q = 140. Suppose -q*d + 320 = -34*d. What is the highest common factor of d and 40?
40
Suppose 3*a + l + 3 = -2*l, 3*l - 3 = -a. Let z be a/9 - 31/(-3). Let c = 60 + -30. What is the highest common divisor of c and z?
10
Let i(t) = -348*t**3 + 4*t**2 + 4*t. Let j be i(-1). What is the greatest common factor of j and 24?
12
Let x = 799 - 794. What is the greatest common factor of 415 and x?
5
Let j be 2 - 10*2/(-2). Let h = -20 - -13. Let p = 11 - h. Calculate the highest common factor of j and p.
6
Suppose 5*w = 5*g + 15, 0 = -6*w + w - 3*g + 31. Suppose -w*c + 88 = 13. What is the highest common factor of 165 and c?
15
Let r = -1106 - -1163. Calculate the highest common factor of r and 1311.
57
Suppose -1 - 3 = -2*t, -4*z + 154 = -t. Let r(l) = 2*l**2 - 32*l - 166. Let d be r(-7). Calculate the highest common divisor of z and d.
39
Let j = 702 - 688. Calculate the greatest common factor of 329 and j.
7
Suppose -50*g = -45*g - 150. Let u = g - 27. Calculate the greatest common factor of u and 33.
3
Let z(t) = t**3 + t**2 + 2*t + 211. Let a be z(0). Suppose -a - 125 = -12*h. Calculate the highest common factor of 4 and h.
4
Let u(b) = 5*b. Let m(d) = d - 7. Let i be m(11). Suppose -6 = i*o - 26. Let n be u(o). What is the highest common divisor of 10 and n?
5
Let y = 249 + 323. Calculate the greatest common divisor of y and 104.
52
Let r(d) = 3*d + 9. Let q(x) = x**3 + 8*x**2 + 4*x - 8. Let w be q(-7). Let p be r(w). Calculate the highest common divisor of 8 and p.
8
Let s be (-4)/18 - 329/(-63). Let o be (18/(-8))/(s/(-60)). Let t = 33 - o. Calculate the highest common divisor of 30 and t.
6
Let v be (-1)/(-3) + 135/81. Calculate the highest common factor of 25 and v.
1
Let t be (5 + 35)*(-2)/(-8)*2. Suppose 0 = -18*d + t*d - 90. What is the greatest common factor of 15 and d?
15
Suppose 0*r + 268 = r. Suppose 0 = 5*b - 9*b - r. Let v = b + 95. What is the greatest common divisor of v and 4?
4
Suppose -8*a + 13*a - 315 = 0. Suppose w = o - 3*w - 10, 5 = 2*o - 3*w. Let f be ((-9)/(-5))/(o/(-10)). What is the greatest common divisor of a and f?
9
Suppose 4*h - 78 = 186. Suppose -h = -z - 11. Calculate the highest common divisor of 22 and z.
11
Suppose 5*v + 47 = 5*r - 148, -3*v + 23 = r. Let a be 1/7 + (-1 - (-625)/r). Calculate the greatest common factor of a and 17.
17
Let n = -2 + 16. Suppose -3*t - 5*r = -0*t + 67, -89 = 5*t - 3*r. Let z(q) = q + 61. Let k be z(t). Calculate the highest common divisor of k and n.
14
Let x = -15 - 74. Let s = 97 + x. What is the highest common factor of s and 10?
2
Let w(s) = s**2 - 10*s + 5. Let v be ((-3)/9)/(5/(-165)). Let d be w(v). Let n be (-2 - 38)*2/(-5). Calculate the greatest common divisor of n and d.
16
Suppose -12 = 4*q - 0. Let o = -69 + 71. Let x be 2*o*q/(-4). Calculate the highest common factor of x and 15.
3
Suppose -8 - 109 = -3*p. Let m be (1 - 2)*-1 + p. Calculate the greatest common divisor of 440 and m.
40
Let l be 7*1*((-305)/(-35) - 5). What is the highest common divisor of 221 and l?
13
Suppose v + v = -2. Let l be (-14)/(-7) + (-1 - v). Suppose -3 = 3*z, l = 2*u + 3*z - z. What is the greatest common factor of u and 5?
1
Suppose 0 = -v - 2*u + 27, 3*v + 3*u = 4*u + 53. Calculate the greatest common factor of 551 and v.
19
Let v = 413 + -394. What is the highest common factor of 361 and v?
19
Let u be (0 - -21) + (-2 + -7)/3. What is the highest common factor of 117 and u?
9
Let b = 11 + -7. Let i = 5 + b. Suppose p = -0*p + i. What is the highest common factor of 36 and p?
9
Let h(n) = n**3 + 7*n**2 + 2*n - 11. Let b be h(-4). Suppose -6*s + s = -f + b, -2*f + 28 = -4*s. What is the highest common factor of f and 100?
4
Suppose i + 4 = 2*i. Let b be (30/25)/(-3) + 4408/20. Suppose -a - 4*a = -b. What is the greatest common divisor of i and a?
4
Suppose -3*o + 14 = u - 17, 4*o = 16. What is the highest common factor of u and 1?
1
Let s(y) = 3*y - 9. Let d be s(6). Suppose -30*o - 17374 = -19534. What is the greatest common factor of o and d?
9
Let p be (36/24)/(2*3/(-60)). Let i be (-9)/3*10/p. Calculate the highest common divisor of i and 3.
1
Suppose -2*l - 3*m + 37 = 0, l = 4*m + 3 - 1. Calculate the greatest common factor of 21 and l.
7
Let q(p) = 3*p**2 - 1. Let o be q(-1). Let l(w) = 16*w + 0*w - 2*w + 12*w**2 - w**3 - 5. Let v be l(13). What is the highest common divisor of v and o?
2
Suppose -4*i = -9*k + 8*k - 57, k = 2*i - 29. Calculate the highest common divisor of i and 14.
14
Let o(p) = -p**3 - 8*p**2 - 10*p + 13. Let d be o(-6). Let m be 928/8 - (d - -3). Calculate the greatest common factor of m and 28.
28
Let p be 25/2*60/25. Let r = -21 - -24. Let o be (-5)/(2/r + -1). What is the greatest common factor of p and o?
15
Let w = 164 + -29. Calculate the greatest common factor of 45 and w.
45
Suppose 6*c - 320 = 2*c. Suppose -163*r - 10 = -164*r. Calculate the highest common divisor of c and r.
10
Let z = -29 - -31. Let a be 187/7 - z/(-7). Calculate the greatest common divisor of a and 18.
9
Let m(y) be the second derivative of y**3 + 6*y**2 + 35*y. Let o be m(6). Calculate the highest common factor of 12 and o.
12
Let t(g) be the second derivative of 4*g**3/3 + 6*g**2 + 2*g. Let l be t(11). Suppose -2*m + 6*m - l = 0. Calculate the highest common divisor of 25 and m.
25
Let x(j) = j**3 - 7*j**2 - j + 7. Let b be x(6). Let m = 86 - b. What is the highest common divisor of 11 and m?
11
Let o = -85 - -93. Calculate the highest common factor of 88 and o.
8
Suppose 267*c - 262*c = 40. Calculate the highest common divisor of 216 and c.
8
Let r be 63/2 + 6/(-4). Suppose 2*f - n + 2*n = -3, 4*n = -20. Suppose